{"id":384,"date":"2025-08-13T09:49:52","date_gmt":"2025-08-13T09:49:52","guid":{"rendered":"https:\/\/nueva.parroquiasaneloy.archimadrid.es\/?page_id=384"},"modified":"2026-04-07T08:17:08","modified_gmt":"2026-04-07T08:17:08","slug":"horario-de-misas","status":"publish","type":"page","link":"https:\/\/parroquiasaneloy.archimadrid.es\/?page_id=384","title":{"rendered":"Horario de misas"},"content":{"rendered":"\n<p class=\"has-neve-text-color-color has-nv-light-bg-background-color has-text-color has-background has-link-color wp-elements-43c78a17aee26ecabbabf3117465b5b1\" style=\"font-size:25px;letter-spacing:1px\"><strong>Horario habitual de misas <\/strong><\/p>\n\n\n\n<div class=\"wp-block-columns is-layout-flex wp-container-core-columns-is-layout-60e73dc6 wp-block-columns-is-layout-flex\" style=\"padding-top:var(--wp--preset--spacing--40);padding-right:var(--wp--preset--spacing--50);padding-bottom:var(--wp--preset--spacing--40);padding-left:var(--wp--preset--spacing--50)\">\n<div class=\"wp-block-column has-nv-c-2-background-color has-background is-layout-flow wp-block-column-is-layout-flow\" style=\"padding-top:var(--wp--preset--spacing--20);padding-right:var(--wp--preset--spacing--50);padding-bottom:var(--wp--preset--spacing--20);padding-left:var(--wp--preset--spacing--50)\">\n<p class=\"has-text-align-center has-neve-link-hover-color-color has-text-color has-link-color has-medium-font-size wp-elements-bdd58bbebd2e525c1b87d950f15b8204\"><strong>Horario de misas de diario<\/strong><\/p>\n\n\n\n<p class=\"has-text-align-center\">Las misas en los d\u00edas laborables (<strong>lunes<\/strong> <strong>a viernes<\/strong>) es de <strong>19,30h<\/strong>.<\/p>\n\n\n\n<p class=\"has-text-align-center\">Los <strong>s\u00e1bados<\/strong> ser\u00e1n a las <strong>10h<\/strong> en la Capilla y a las <strong>19,30h<\/strong> en la Iglesia.<\/p>\n\n\n\n<p class=\"has-text-align-center\"><strong>Adoraci\u00f3n al Sant\u00edsimo<\/strong> los <strong>lunes<\/strong> a las <strong>20h<\/strong> (animada por j\u00f3venes)<\/p>\n\n\n\n<p class=\"has-text-align-center\"><strong>Jueves Eucar\u00edsticos<\/strong> a las <strong>20h<\/strong><\/p>\n<\/div>\n\n\n\n<div class=\"wp-block-column has-nv-c-2-background-color has-background is-layout-flow wp-block-column-is-layout-flow\" style=\"padding-top:var(--wp--preset--spacing--20);padding-right:var(--wp--preset--spacing--50);padding-bottom:var(--wp--preset--spacing--20);padding-left:var(--wp--preset--spacing--50)\">\n<p class=\"has-text-align-center has-neve-link-hover-color-color has-text-color has-link-color has-medium-font-size wp-elements-2a26f51f996596bc8aa5fc70f67d21b0\"><strong>Horario de misas de domingo<\/strong><\/p>\n\n\n\n<p class=\"has-text-align-center\">Domingos:<\/p>\n\n\n\n<p class=\"has-text-align-center\"><strong>9,30h<\/strong>, <strong>11,30h<\/strong> (familias), <strong>12,30h<\/strong> y <strong>19,30h<\/strong><\/p>\n\n\n\n<p class=\"has-neve-link-color-color has-text-color has-link-color wp-elements-29b9c8f01fbe4bcd0ffc60c9498c7141\"><\/p>\n<\/div>\n\n\n\n<div class=\"wp-block-column has-nv-c-2-background-color has-background is-layout-flow wp-block-column-is-layout-flow\" style=\"padding-top:var(--wp--preset--spacing--20);padding-right:var(--wp--preset--spacing--50);padding-bottom:var(--wp--preset--spacing--20);padding-left:var(--wp--preset--spacing--50)\">\n<p class=\"has-text-align-center has-neve-link-hover-color-color has-text-color has-link-color has-medium-font-size wp-elements-c9d42eabe1b0498931c79d0ec88319f9\"><strong>Despacho parroquial<\/strong><\/p>\n\n\n\n<p class=\"has-text-align-center\">El horario del despacho parroquial es el siguiente:<\/p>\n\n\n\n<p class=\"has-text-align-center\"><strong>Lunes y viernes<\/strong> de <strong>11h a 12h<\/strong><\/p>\n\n\n\n<p class=\"has-text-align-center\"><strong>Martes y jueves<\/strong> de <strong>18h a 19,15h<\/strong><\/p>\n\n\n\n<p><strong>Confesiones:<\/strong> media hora antes de las misas en el confesionario. Si se prefiere en otro lugar deber\u00e1 solicitarse al sacerdote.<\/p>\n<\/div>\n<\/div>\n\n\n<div class=\"wp-block-image wp-duotone-unset-1\">\n<figure class=\"aligncenter size-full\"><img loading=\"lazy\" decoding=\"async\" width=\"236\" height=\"177\" src=\"https:\/\/parroquiasaneloy.archimadrid.es\/wp-content\/uploads\/2026\/04\/resurreccion.jpg\" alt=\"\" class=\"wp-image-1252\"\/><figcaption class=\"wp-element-caption\">  <\/figcaption><\/figure>\n<\/div>\n\n\n<p><\/p>\n\n\n\n<p><\/p>\n\n\n\n<p><\/p>\n\n\n\n<p><\/p>\n","protected":false},"excerpt":{"rendered":"<p>Horario habitual de misas Horario de misas de diario Las misas en los d\u00edas laborables (lunes a viernes) es de 19,30h. Los s\u00e1bados ser\u00e1n a las 10h en la Capilla y a las 19,30h en la Iglesia. Adoraci\u00f3n al Sant\u00edsimo los lunes a las 20h (animada por j\u00f3venes) Jueves Eucar\u00edsticos a las 20h Horario de&hellip;&nbsp;<\/p>\n","protected":false},"author":2,"featured_media":0,"parent":0,"menu_order":0,"comment_status":"closed","ping_status":"closed","template":"","meta":{"neve_meta_sidebar":"","neve_meta_container":"","neve_meta_enable_content_width":"","neve_meta_content_width":0,"neve_meta_title_alignment":"","neve_meta_author_avatar":"","neve_post_elements_order":"","neve_meta_disable_header":"","neve_meta_disable_footer":"","neve_meta_disable_title":"","_themeisle_gutenberg_block_has_review":false,"footnotes":""},"class_list":["post-384","page","type-page","status-publish","hentry"],"_links":{"self":[{"href":"https:\/\/parroquiasaneloy.archimadrid.es\/index.php?rest_route=\/wp\/v2\/pages\/384","targetHints":{"allow":["GET"]}}],"collection":[{"href":"https:\/\/parroquiasaneloy.archimadrid.es\/index.php?rest_route=\/wp\/v2\/pages"}],"about":[{"href":"https:\/\/parroquiasaneloy.archimadrid.es\/index.php?rest_route=\/wp\/v2\/types\/page"}],"author":[{"embeddable":true,"href":"https:\/\/parroquiasaneloy.archimadrid.es\/index.php?rest_route=\/wp\/v2\/users\/2"}],"replies":[{"embeddable":true,"href":"https:\/\/parroquiasaneloy.archimadrid.es\/index.php?rest_route=%2Fwp%2Fv2%2Fcomments&post=384"}],"version-history":[{"count":51,"href":"https:\/\/parroquiasaneloy.archimadrid.es\/index.php?rest_route=\/wp\/v2\/pages\/384\/revisions"}],"predecessor-version":[{"id":1256,"href":"https:\/\/parroquiasaneloy.archimadrid.es\/index.php?rest_route=\/wp\/v2\/pages\/384\/revisions\/1256"}],"wp:attachment":[{"href":"https:\/\/parroquiasaneloy.archimadrid.es\/index.php?rest_route=%2Fwp%2Fv2%2Fmedia&parent=384"}],"curies":[{"name":"wp","href":"https:\/\/api.w.org\/{rel}","templated":true}]}}

<p class="has-neve-text-color-color has-nv-light-bg-background-color has-text-color has-background has-link-color wp-elements-43c78a17aee26ecabbabf3117465b5b1" style="font-size:25px;letter-spacing:1px"><strong>Horario habitual de misas </strong></p>



<div class="wp-block-columns is-layout-flex wp-container-core-columns-is-layout-60e73dc6 wp-block-columns-is-layout-flex" style="padding-top:var(--wp--preset--spacing--40);padding-right:var(--wp--preset--spacing--50);padding-bottom:var(--wp--preset--spacing--40);padding-left:var(--wp--preset--spacing--50)">
<div class="wp-block-column has-nv-c-2-background-color has-background is-layout-flow wp-block-column-is-layout-flow" style="padding-top:var(--wp--preset--spacing--20);padding-right:var(--wp--preset--spacing--50);padding-bottom:var(--wp--preset--spacing--20);padding-left:var(--wp--preset--spacing--50)">
<p class="has-text-align-center has-neve-link-hover-color-color has-text-color has-link-color has-medium-font-size wp-elements-bdd58bbebd2e525c1b87d950f15b8204"><strong>Horario de misas de diario</strong></p>



<p class="has-text-align-center">Las misas en los días laborables (<strong>lunes</strong> <strong>a viernes</strong>) es de <strong>19,30h</strong>.</p>



<p class="has-text-align-center">Los <strong>sábados</strong> serán a las <strong>10h</strong> en la Capilla y a las <strong>19,30h</strong> en la Iglesia.</p>



<p class="has-text-align-center"><strong>Adoración al Santísimo</strong> los <strong>lunes</strong> a las <strong>20h</strong> (animada por jóvenes)</p>



<p class="has-text-align-center"><strong>Jueves Eucarísticos</strong> a las <strong>20h</strong></p>
</div>



<div class="wp-block-column has-nv-c-2-background-color has-background is-layout-flow wp-block-column-is-layout-flow" style="padding-top:var(--wp--preset--spacing--20);padding-right:var(--wp--preset--spacing--50);padding-bottom:var(--wp--preset--spacing--20);padding-left:var(--wp--preset--spacing--50)">
<p class="has-text-align-center has-neve-link-hover-color-color has-text-color has-link-color has-medium-font-size wp-elements-2a26f51f996596bc8aa5fc70f67d21b0"><strong>Horario de misas de domingo</strong></p>



<p class="has-text-align-center">Domingos:</p>



<p class="has-text-align-center"><strong>9,30h</strong>, <strong>11,30h</strong> (familias), <strong>12,30h</strong> y <strong>19,30h</strong></p>



<p class="has-neve-link-color-color has-text-color has-link-color wp-elements-29b9c8f01fbe4bcd0ffc60c9498c7141"></p>
</div>



<div class="wp-block-column has-nv-c-2-background-color has-background is-layout-flow wp-block-column-is-layout-flow" style="padding-top:var(--wp--preset--spacing--20);padding-right:var(--wp--preset--spacing--50);padding-bottom:var(--wp--preset--spacing--20);padding-left:var(--wp--preset--spacing--50)">
<p class="has-text-align-center has-neve-link-hover-color-color has-text-color has-link-color has-medium-font-size wp-elements-c9d42eabe1b0498931c79d0ec88319f9"><strong>Despacho parroquial</strong></p>



<p class="has-text-align-center">El horario del despacho parroquial es el siguiente:</p>



<p class="has-text-align-center"><strong>Lunes y viernes</strong> de <strong>11h a 12h</strong></p>



<p class="has-text-align-center"><strong>Martes y jueves</strong> de <strong>18h a 19,15h</strong></p>



<p><strong>Confesiones:</strong> media hora antes de las misas en el confesionario. Si se prefiere en otro lugar deberá solicitarse al sacerdote.</p>
</div>
</div>


<div class="wp-block-image wp-duotone-unset-1">
<figure class="aligncenter size-full"><img loading="lazy" decoding="async" width="236" height="177" src="https://parroquiasaneloy.archimadrid.es/wp-content/uploads/2026/04/resurreccion.jpg" alt="" class="wp-image-1252"/><figcaption class="wp-element-caption">  </figcaption></figure>
</div>


<p></p>



<p></p>



<p></p>



<p></p>

<p>Horario habitual de misas Horario de misas de diario Las misas en los días laborables (lunes a viernes) es de 19,30h. Los sábados serán a las 10h en la Capilla y a las 19,30h en la Iglesia. Adoración al Santísimo los lunes a las 20h (animada por jóvenes) Jueves Eucarísticos a las 20h Horario de&hellip;&nbsp;</p>
