{"id":551,"date":"2025-08-28T09:12:20","date_gmt":"2025-08-28T09:12:20","guid":{"rendered":"https:\/\/nueva.parroquiasaneloy.archimadrid.es\/?page_id=551"},"modified":"2025-11-19T09:22:10","modified_gmt":"2025-11-19T09:22:10","slug":"grupos","status":"publish","type":"page","link":"https:\/\/parroquiasaneloy.archimadrid.es\/?page_id=551","title":{"rendered":"Grupos"},"content":{"rendered":"\n<p><\/p>\n\n\n\n<p><strong>GRUPO NI\u00d1OS<\/strong><\/p>\n\n\n\n<figure class=\"wp-block-image size-full is-resized is-style-rounded\"><img loading=\"lazy\" decoding=\"async\" width=\"640\" height=\"359\" src=\"https:\/\/parroquiasaneloy.archimadrid.es\/wp-content\/uploads\/2025\/09\/ninos2.png\" alt=\"\" class=\"wp-image-843\" style=\"width:133px\" srcset=\"https:\/\/parroquiasaneloy.archimadrid.es\/wp-content\/uploads\/2025\/09\/ninos2.png 640w, https:\/\/parroquiasaneloy.archimadrid.es\/wp-content\/uploads\/2025\/09\/ninos2-300x168.png 300w\" sizes=\"auto, (max-width: 640px) 100vw, 640px\" \/><\/figure>\n\n\n\n<p><\/p>\n\n\n\n<p>Acompa\u00f1amos la formaci\u00f3n cristiana de los peque\u00f1os de la casa.<\/p>\n\n\n\n<p>En nuestra parroquia la preparaci\u00f3n para recibir la comuni\u00f3n empieza a los 8 a\u00f1os y suele durar dos a\u00f1os. Estas catequesis no s\u00f3lo preparan a los ni\u00f1os para recibir el sacramento, sino que adem\u00e1s les brindan formaci\u00f3n y les acompa\u00f1an en la vivencia de la fe.<\/p>\n\n\n\n<p>Para apuntar a vuestros hijos a la catequesis de infancia deb\u00e9is pasar por el despacho para recoger una ficha que debe ser rellenada y firmada por ambos progenitores, padre y madre, o por los tutores legales del ni\u00f1o.<\/p>\n\n\n\n<p><\/p>\n\n\n\n<p><strong>GRUPO J\u00d3VENES<\/strong><\/p>\n\n\n\n<figure class=\"wp-block-image size-full is-resized is-style-rounded\"><img loading=\"lazy\" decoding=\"async\" width=\"640\" height=\"427\" src=\"https:\/\/parroquiasaneloy.archimadrid.es\/wp-content\/uploads\/2025\/09\/jovenes.jpg\" alt=\"\" class=\"wp-image-815\" style=\"width:133px;height:auto\" srcset=\"https:\/\/parroquiasaneloy.archimadrid.es\/wp-content\/uploads\/2025\/09\/jovenes.jpg 640w, https:\/\/parroquiasaneloy.archimadrid.es\/wp-content\/uploads\/2025\/09\/jovenes-300x200.jpg 300w\" sizes=\"auto, (max-width: 640px) 100vw, 640px\" \/><\/figure>\n\n\n\n<p><\/p>\n\n\n\n<p>Si tienes entre 18 y 30 a\u00f1os y eres un joven con ganas de conocer gente como t\u00fa e involucrarte en nuestra parroquia, \u00fanete al grupo de j\u00f3venes.<\/p>\n\n\n\n<p>Si tienes cualquier duda y necesitas m\u00e1s informaci\u00f3n puedes contactar con nosotros a trav\u00e9s de correo, tel\u00e9fono o personalmente.<\/p>\n\n\n\n<p><\/p>\n\n\n\n<p><strong>GRUPO MATRIMONIOS<\/strong><\/p>\n\n\n\n<figure class=\"wp-block-image size-full is-resized is-style-rounded\"><img loading=\"lazy\" decoding=\"async\" width=\"600\" height=\"400\" src=\"https:\/\/parroquiasaneloy.archimadrid.es\/wp-content\/uploads\/2025\/09\/grupos-de-matrimonios.jpg\" alt=\"\" class=\"wp-image-661\" style=\"width:123px;height:auto\" srcset=\"https:\/\/parroquiasaneloy.archimadrid.es\/wp-content\/uploads\/2025\/09\/grupos-de-matrimonios.jpg 600w, https:\/\/parroquiasaneloy.archimadrid.es\/wp-content\/uploads\/2025\/09\/grupos-de-matrimonios-300x200.jpg 300w\" sizes=\"auto, (max-width: 600px) 100vw, 600px\" \/><\/figure>\n\n\n\n<p><\/p>\n\n\n\n<p>En el grupo de matrimonios se comparten experiencias que nos ayudan a enfrentar los grandes retos que suponen formar una familia cristiana que crezcan juntos en la fe.<\/p>\n\n\n\n<p>En nuestra parroquia queremos acompa\u00f1ar a los matrimonios en su camino. Por eso invitamos a todas las parejas que est\u00e1n a punto de casarse, a los matrimonios reci\u00e9n casados, y tambi\u00e9n a los que tienen m\u00e1s a\u00f1os de camino recorrido, a participar en nuestros grupos de formaci\u00f3n.<\/p>\n\n\n\n<p>Nos reunimos una vez al mes para compartir, formarnos y crecer juntos, siempre a la luz del Evangelio. Estos encuentros son una oportunidad para fortalecer el matrimonio, adquirir herramientas que ayuden a vivirlo, con mayor profundidad y alegr\u00eda, as\u00ed como descubrir que a trav\u00e9s de la vida familiar, podemos caminar hacia la santidad.<\/p>\n\n\n\n<p>El matrimonio es una vocaci\u00f3n preciosa pero no dif\u00edcil, y no estamos llamados a vivirla solos. Te animamos a dar este paso y a dejar que Dios siga construyendo, d\u00eda a d\u00eda, vuestra historia de amor.<\/p>\n\n\n\n<p>\u00a1Os esperamos con los brazos abiertos!<\/p>\n\n\n\n<figure class=\"wp-block-pullquote\" style=\"font-size:12px\"><blockquote><p>El bienestar de la persona y de la sociedad humana y cristiana est\u00e1 estrechamente ligada a la prosperidad de la comunidad conyugal y familiar. Por eso los cristianos, junto con todos los que tienen en gran estima a esta comunidad, se alegran sinceramente de los medios que permiten hoy a los hombres avanzar en el fomento de esta comunidad de amor y en el respeto a la vida y que ayudan a los esposos y padres en el cumplimiento de su excelsa misi\u00f3n; de ellos esperan, adem\u00e1s, los mejores resultados y se afanan por promoverlos<\/p><cite>Gaudium et spes 47, Concilio Vaticano II<\/cite><\/blockquote><\/figure>\n\n\n\n<p><\/p>\n\n\n\n<p><strong>INICIACI\u00d3N CRISTIANA Y FORMACI\u00d3N ADULTOS<\/strong><\/p>\n\n\n\n<figure class=\"wp-block-image size-full is-resized is-style-rounded\"><img loading=\"lazy\" decoding=\"async\" width=\"640\" height=\"493\" src=\"https:\/\/parroquiasaneloy.archimadrid.es\/wp-content\/uploads\/2025\/09\/adultos-1.webp\" alt=\"\" class=\"wp-image-849\" style=\"width:133px\" srcset=\"https:\/\/parroquiasaneloy.archimadrid.es\/wp-content\/uploads\/2025\/09\/adultos-1.webp 640w, https:\/\/parroquiasaneloy.archimadrid.es\/wp-content\/uploads\/2025\/09\/adultos-1-300x231.webp 300w\" sizes=\"auto, (max-width: 640px) 100vw, 640px\" \/><\/figure>\n\n\n\n<p><\/p>\n\n\n\n<p>Con el fin de acercarse a la fe, los adultos que no hayan sido bautizados pueden recibir los sacramentos de la iniciaci\u00f3n cristiana. Para ello es conveniente hablar con alguno de los sacerdotes para comenzar la preparaci\u00f3n.<\/p>\n\n\n\n<p>Antes de recibir el bautismo y los dem\u00e1s sacramentos de la iniciaci\u00f3n cristiana conviene conocer bien el n\u00facleo de la fe y lo que supone ser bautizado, es decir, ser cristiano.<\/p>\n\n\n\n<p>La fe cristiana es ante todo comunitaria y por eso el cristiano necesita vivirla y compartirla con los dem\u00e1s creyentes. Aunque la m\u00e1xima expresi\u00f3n se da en la celebraci\u00f3n eucar\u00edstica, la parroquia ofrece una serie de grupos y actividades donde compartir y vivir la fe en comunidad. Espacios donde compartir, formarse y profundizar m\u00e1s en el misterio de Dios.<\/p>\n\n\n\n<p><\/p>\n","protected":false},"excerpt":{"rendered":"<p>GRUPO NI\u00d1OS Acompa\u00f1amos la formaci\u00f3n cristiana de los peque\u00f1os de la casa. En nuestra parroquia la preparaci\u00f3n para recibir la comuni\u00f3n empieza a los 8 a\u00f1os y suele durar dos a\u00f1os. Estas catequesis no s\u00f3lo preparan a los ni\u00f1os para recibir el sacramento, sino que adem\u00e1s les brindan formaci\u00f3n y les acompa\u00f1an en la vivencia&hellip;&nbsp;<\/p>\n","protected":false},"author":2,"featured_media":0,"parent":0,"menu_order":0,"comment_status":"closed","ping_status":"closed","template":"","meta":{"neve_meta_sidebar":"","neve_meta_container":"","neve_meta_enable_content_width":"","neve_meta_content_width":0,"neve_meta_title_alignment":"","neve_meta_author_avatar":"","neve_post_elements_order":"","neve_meta_disable_header":"","neve_meta_disable_footer":"","neve_meta_disable_title":"","_themeisle_gutenberg_block_has_review":false,"footnotes":""},"class_list":["post-551","page","type-page","status-publish","hentry"],"_links":{"self":[{"href":"https:\/\/parroquiasaneloy.archimadrid.es\/index.php?rest_route=\/wp\/v2\/pages\/551","targetHints":{"allow":["GET"]}}],"collection":[{"href":"https:\/\/parroquiasaneloy.archimadrid.es\/index.php?rest_route=\/wp\/v2\/pages"}],"about":[{"href":"https:\/\/parroquiasaneloy.archimadrid.es\/index.php?rest_route=\/wp\/v2\/types\/page"}],"author":[{"embeddable":true,"href":"https:\/\/parroquiasaneloy.archimadrid.es\/index.php?rest_route=\/wp\/v2\/users\/2"}],"replies":[{"embeddable":true,"href":"https:\/\/parroquiasaneloy.archimadrid.es\/index.php?rest_route=%2Fwp%2Fv2%2Fcomments&post=551"}],"version-history":[{"count":10,"href":"https:\/\/parroquiasaneloy.archimadrid.es\/index.php?rest_route=\/wp\/v2\/pages\/551\/revisions"}],"predecessor-version":[{"id":1083,"href":"https:\/\/parroquiasaneloy.archimadrid.es\/index.php?rest_route=\/wp\/v2\/pages\/551\/revisions\/1083"}],"wp:attachment":[{"href":"https:\/\/parroquiasaneloy.archimadrid.es\/index.php?rest_route=%2Fwp%2Fv2%2Fmedia&parent=551"}],"curies":[{"name":"wp","href":"https:\/\/api.w.org\/{rel}","templated":true}]}}

<p></p>



<p><strong>GRUPO NIÑOS</strong></p>



<figure class="wp-block-image size-full is-resized is-style-rounded"><img loading="lazy" decoding="async" width="640" height="359" src="https://parroquiasaneloy.archimadrid.es/wp-content/uploads/2025/09/ninos2.png" alt="" class="wp-image-843" style="width:133px" srcset="https://parroquiasaneloy.archimadrid.es/wp-content/uploads/2025/09/ninos2.png 640w, https://parroquiasaneloy.archimadrid.es/wp-content/uploads/2025/09/ninos2-300x168.png 300w" sizes="auto, (max-width: 640px) 100vw, 640px" /></figure>



<p></p>



<p>Acompañamos la formación cristiana de los pequeños de la casa.</p>



<p>En nuestra parroquia la preparación para recibir la comunión empieza a los 8 años y suele durar dos años. Estas catequesis no sólo preparan a los niños para recibir el sacramento, sino que además les brindan formación y les acompañan en la vivencia de la fe.</p>



<p>Para apuntar a vuestros hijos a la catequesis de infancia debéis pasar por el despacho para recoger una ficha que debe ser rellenada y firmada por ambos progenitores, padre y madre, o por los tutores legales del niño.</p>



<p></p>



<p><strong>GRUPO JÓVENES</strong></p>



<figure class="wp-block-image size-full is-resized is-style-rounded"><img loading="lazy" decoding="async" width="640" height="427" src="https://parroquiasaneloy.archimadrid.es/wp-content/uploads/2025/09/jovenes.jpg" alt="" class="wp-image-815" style="width:133px;height:auto" srcset="https://parroquiasaneloy.archimadrid.es/wp-content/uploads/2025/09/jovenes.jpg 640w, https://parroquiasaneloy.archimadrid.es/wp-content/uploads/2025/09/jovenes-300x200.jpg 300w" sizes="auto, (max-width: 640px) 100vw, 640px" /></figure>



<p></p>



<p>Si tienes entre 18 y 30 años y eres un joven con ganas de conocer gente como tú e involucrarte en nuestra parroquia, únete al grupo de jóvenes.</p>



<p>Si tienes cualquier duda y necesitas más información puedes contactar con nosotros a través de correo, teléfono o personalmente.</p>



<p></p>



<p><strong>GRUPO MATRIMONIOS</strong></p>



<figure class="wp-block-image size-full is-resized is-style-rounded"><img loading="lazy" decoding="async" width="600" height="400" src="https://parroquiasaneloy.archimadrid.es/wp-content/uploads/2025/09/grupos-de-matrimonios.jpg" alt="" class="wp-image-661" style="width:123px;height:auto" srcset="https://parroquiasaneloy.archimadrid.es/wp-content/uploads/2025/09/grupos-de-matrimonios.jpg 600w, https://parroquiasaneloy.archimadrid.es/wp-content/uploads/2025/09/grupos-de-matrimonios-300x200.jpg 300w" sizes="auto, (max-width: 600px) 100vw, 600px" /></figure>



<p></p>



<p>En el grupo de matrimonios se comparten experiencias que nos ayudan a enfrentar los grandes retos que suponen formar una familia cristiana que crezcan juntos en la fe.</p>



<p>En nuestra parroquia queremos acompañar a los matrimonios en su camino. Por eso invitamos a todas las parejas que están a punto de casarse, a los matrimonios recién casados, y también a los que tienen más años de camino recorrido, a participar en nuestros grupos de formación.</p>



<p>Nos reunimos una vez al mes para compartir, formarnos y crecer juntos, siempre a la luz del Evangelio. Estos encuentros son una oportunidad para fortalecer el matrimonio, adquirir herramientas que ayuden a vivirlo, con mayor profundidad y alegría, así como descubrir que a través de la vida familiar, podemos caminar hacia la santidad.</p>



<p>El matrimonio es una vocación preciosa pero no difícil, y no estamos llamados a vivirla solos. Te animamos a dar este paso y a dejar que Dios siga construyendo, día a día, vuestra historia de amor.</p>



<p>¡Os esperamos con los brazos abiertos!</p>



<figure class="wp-block-pullquote" style="font-size:12px"><blockquote><p>El bienestar de la persona y de la sociedad humana y cristiana está estrechamente ligada a la prosperidad de la comunidad conyugal y familiar. Por eso los cristianos, junto con todos los que tienen en gran estima a esta comunidad, se alegran sinceramente de los medios que permiten hoy a los hombres avanzar en el fomento de esta comunidad de amor y en el respeto a la vida y que ayudan a los esposos y padres en el cumplimiento de su excelsa misión; de ellos esperan, además, los mejores resultados y se afanan por promoverlos</p><cite>Gaudium et spes 47, Concilio Vaticano II</cite></blockquote></figure>



<p></p>



<p><strong>INICIACIÓN CRISTIANA Y FORMACIÓN ADULTOS</strong></p>



<figure class="wp-block-image size-full is-resized is-style-rounded"><img loading="lazy" decoding="async" width="640" height="493" src="https://parroquiasaneloy.archimadrid.es/wp-content/uploads/2025/09/adultos-1.webp" alt="" class="wp-image-849" style="width:133px" srcset="https://parroquiasaneloy.archimadrid.es/wp-content/uploads/2025/09/adultos-1.webp 640w, https://parroquiasaneloy.archimadrid.es/wp-content/uploads/2025/09/adultos-1-300x231.webp 300w" sizes="auto, (max-width: 640px) 100vw, 640px" /></figure>



<p></p>



<p>Con el fin de acercarse a la fe, los adultos que no hayan sido bautizados pueden recibir los sacramentos de la iniciación cristiana. Para ello es conveniente hablar con alguno de los sacerdotes para comenzar la preparación.</p>



<p>Antes de recibir el bautismo y los demás sacramentos de la iniciación cristiana conviene conocer bien el núcleo de la fe y lo que supone ser bautizado, es decir, ser cristiano.</p>



<p>La fe cristiana es ante todo comunitaria y por eso el cristiano necesita vivirla y compartirla con los demás creyentes. Aunque la máxima expresión se da en la celebración eucarística, la parroquia ofrece una serie de grupos y actividades donde compartir y vivir la fe en comunidad. Espacios donde compartir, formarse y profundizar más en el misterio de Dios.</p>



<p></p>

<p>GRUPO NIÑOS Acompañamos la formación cristiana de los pequeños de la casa. En nuestra parroquia la preparación para recibir la comunión empieza a los 8 años y suele durar dos años. Estas catequesis no sólo preparan a los niños para recibir el sacramento, sino que además les brindan formación y les acompañan en la vivencia&hellip;&nbsp;</p>
