{"id":634,"date":"2025-09-03T18:16:59","date_gmt":"2025-09-03T18:16:59","guid":{"rendered":"https:\/\/nueva.parroquiasaneloy.archimadrid.es\/?page_id=634"},"modified":"2025-11-19T10:19:44","modified_gmt":"2025-11-19T10:19:44","slug":"nuestra-parroquia-historia","status":"publish","type":"page","link":"https:\/\/parroquiasaneloy.archimadrid.es\/?page_id=634","title":{"rendered":"Nuestra Parroquia (historia)"},"content":{"rendered":"<div class=\"wp-block-image\">\n<figure class=\"aligncenter size-full is-resized\"><img loading=\"lazy\" decoding=\"async\" width=\"300\" height=\"176\" src=\"https:\/\/parroquiasaneloy.archimadrid.es\/wp-content\/uploads\/2025\/08\/interior_parroquia-e1755370744599.jpg\" alt=\"\" class=\"wp-image-407\" style=\"width:188px;height:auto\"\/><\/figure>\n<\/div>\n\n\n<p><\/p>\n\n\n\n<p>La parroquia de San Eloy est\u00e1 situada en el barrio de Pe\u00f1agrande en la Plaza del Doctor Barraquer n\u00famero 1 (tambi\u00e9n tiene acceso por la Avenida del Cardenal Herrera  Oria. El acceso tiene rampas facilitando la entrada al templo de personas con dificultades de movilidad.<\/p>\n\n\n\n<p>El acceso al templo est\u00e1 a media altura entre Herrera Oria y la plaza del Doctor Barraquer. En el nivel de la plaza se encuentra el acceso a la capilla de diario, al despacho parroquial y a los salones.<\/p>\n\n\n\n<p>Fue fundada el 16 de febrero de 1970 por Don Casimiro Morcillo. Comenz\u00f3 su actividad como parroquia en un local en la calle Isla de Arosa 19, hasta que se construy\u00f3 el actual templo de la plaza del Doctor Barraquer que fue consagrado por Don \u00c1ngel Suqu\u00eda el d\u00eda 9 de mayo de 1992.<\/p>\n\n\n\n<p>Preside el altar mayor una talla de madera de Cristo resucitado sobre la cruz gloriosa. A la derecha est\u00e1 la talla de la Virgen Mar\u00eda y a la izquierda la del titular del templo, San Eloy, en madera no policromada, con los atuendos episcopales y en el pie labrados los s\u00edmbolos del orfebre.<\/p>\n\n\n\n<p>Con motivo del 50 aniversario se pusieron en el lateral dos reproducciones de dos tablillas renacentistas sobre la vida de San Eloy, del Maestro de la Madonna de la Misericordia.<\/p>\n\n\n\n<p><\/p>\n\n\n\n<figure class=\"wp-block-pullquote\" style=\"font-size:11px\"><blockquote><p><strong>Carta de agradecimiento a los p\u00e1rrocos, sacerdotes, colaboradores y hermanos laicos que han prestado su valioso servicio desde la creaci\u00f3n de nuestra parroquia:<\/strong><br>A nuestros queridos p\u00e1rrocos y sacerdotes, gracias por haber sido pastores seg\u00fan el coraz\u00f3n de Cristo. Gracias por celebrar con nosotros los sacramentos que nos han sostenido en la fe y por su generosidad, entrega y sacrificio.<br>A todos los laicos, gracias por haber puesto sus dones, su tiempo y su amor al servicio de la Iglesia.<br><br>Con afecto inmenso y oraci\u00f3n por cada uno de ustedes.<br><strong>Gracias<\/strong><\/p><\/blockquote><\/figure>\n\n\n\n<p><\/p>\n","protected":false},"excerpt":{"rendered":"<p>La parroquia de San Eloy est\u00e1 situada en el barrio de Pe\u00f1agrande en la Plaza del Doctor Barraquer n\u00famero 1 (tambi\u00e9n tiene acceso por la Avenida del Cardenal Herrera Oria. El acceso tiene rampas facilitando la entrada al templo de personas con dificultades de movilidad. El acceso al templo est\u00e1 a media altura entre Herrera&hellip;&nbsp;<\/p>\n","protected":false},"author":2,"featured_media":0,"parent":0,"menu_order":0,"comment_status":"closed","ping_status":"closed","template":"","meta":{"neve_meta_sidebar":"","neve_meta_container":"","neve_meta_enable_content_width":"","neve_meta_content_width":0,"neve_meta_title_alignment":"","neve_meta_author_avatar":"","neve_post_elements_order":"","neve_meta_disable_header":"","neve_meta_disable_footer":"","neve_meta_disable_title":"","_themeisle_gutenberg_block_has_review":false,"footnotes":""},"class_list":["post-634","page","type-page","status-publish","hentry"],"_links":{"self":[{"href":"https:\/\/parroquiasaneloy.archimadrid.es\/index.php?rest_route=\/wp\/v2\/pages\/634","targetHints":{"allow":["GET"]}}],"collection":[{"href":"https:\/\/parroquiasaneloy.archimadrid.es\/index.php?rest_route=\/wp\/v2\/pages"}],"about":[{"href":"https:\/\/parroquiasaneloy.archimadrid.es\/index.php?rest_route=\/wp\/v2\/types\/page"}],"author":[{"embeddable":true,"href":"https:\/\/parroquiasaneloy.archimadrid.es\/index.php?rest_route=\/wp\/v2\/users\/2"}],"replies":[{"embeddable":true,"href":"https:\/\/parroquiasaneloy.archimadrid.es\/index.php?rest_route=%2Fwp%2Fv2%2Fcomments&post=634"}],"version-history":[{"count":6,"href":"https:\/\/parroquiasaneloy.archimadrid.es\/index.php?rest_route=\/wp\/v2\/pages\/634\/revisions"}],"predecessor-version":[{"id":1096,"href":"https:\/\/parroquiasaneloy.archimadrid.es\/index.php?rest_route=\/wp\/v2\/pages\/634\/revisions\/1096"}],"wp:attachment":[{"href":"https:\/\/parroquiasaneloy.archimadrid.es\/index.php?rest_route=%2Fwp%2Fv2%2Fmedia&parent=634"}],"curies":[{"name":"wp","href":"https:\/\/api.w.org\/{rel}","templated":true}]}}

<div class="wp-block-image">
<figure class="aligncenter size-full is-resized"><img loading="lazy" decoding="async" width="300" height="176" src="https://parroquiasaneloy.archimadrid.es/wp-content/uploads/2025/08/interior_parroquia-e1755370744599.jpg" alt="" class="wp-image-407" style="width:188px;height:auto"/></figure>
</div>


<p></p>



<p>La parroquia de San Eloy está situada en el barrio de Peñagrande en la Plaza del Doctor Barraquer número 1 (también tiene acceso por la Avenida del Cardenal Herrera  Oria. El acceso tiene rampas facilitando la entrada al templo de personas con dificultades de movilidad.</p>



<p>El acceso al templo está a media altura entre Herrera Oria y la plaza del Doctor Barraquer. En el nivel de la plaza se encuentra el acceso a la capilla de diario, al despacho parroquial y a los salones.</p>



<p>Fue fundada el 16 de febrero de 1970 por Don Casimiro Morcillo. Comenzó su actividad como parroquia en un local en la calle Isla de Arosa 19, hasta que se construyó el actual templo de la plaza del Doctor Barraquer que fue consagrado por Don Ángel Suquía el día 9 de mayo de 1992.</p>



<p>Preside el altar mayor una talla de madera de Cristo resucitado sobre la cruz gloriosa. A la derecha está la talla de la Virgen María y a la izquierda la del titular del templo, San Eloy, en madera no policromada, con los atuendos episcopales y en el pie labrados los símbolos del orfebre.</p>



<p>Con motivo del 50 aniversario se pusieron en el lateral dos reproducciones de dos tablillas renacentistas sobre la vida de San Eloy, del Maestro de la Madonna de la Misericordia.</p>



<p></p>



<figure class="wp-block-pullquote" style="font-size:11px"><blockquote><p><strong>Carta de agradecimiento a los párrocos, sacerdotes, colaboradores y hermanos laicos que han prestado su valioso servicio desde la creación de nuestra parroquia:</strong><br>A nuestros queridos párrocos y sacerdotes, gracias por haber sido pastores según el corazón de Cristo. Gracias por celebrar con nosotros los sacramentos que nos han sostenido en la fe y por su generosidad, entrega y sacrificio.<br>A todos los laicos, gracias por haber puesto sus dones, su tiempo y su amor al servicio de la Iglesia.<br><br>Con afecto inmenso y oración por cada uno de ustedes.<br><strong>Gracias</strong></p></blockquote></figure>



<p></p>

<p>La parroquia de San Eloy está situada en el barrio de Peñagrande en la Plaza del Doctor Barraquer número 1 (también tiene acceso por la Avenida del Cardenal Herrera Oria. El acceso tiene rampas facilitando la entrada al templo de personas con dificultades de movilidad. El acceso al templo está a media altura entre Herrera&hellip;&nbsp;</p>
