{"id":69,"date":"2020-01-27T08:05:29","date_gmt":"2020-01-27T08:05:29","guid":{"rendered":"https:\/\/demosites.io\/web-agency-gb\/?page_id=69"},"modified":"2026-02-19T18:08:07","modified_gmt":"2026-02-19T18:08:07","slug":"15c42-web-agency-gb-portfolio","status":"publish","type":"page","link":"https:\/\/parroquiasaneloy.archimadrid.es\/?page_id=69","title":{"rendered":"Colabora"},"content":{"rendered":"\n<h1 class=\"wp-block-heading\">Colabora con la parroquia<\/h1>\n\n\n\n<p><\/p>\n\n\n\n<div class=\"wp-block-cover alignfull\" style=\"min-height:600px;aspect-ratio:unset;\"><span aria-hidden=\"true\" class=\"wp-block-cover__background has-nv-light-bg-background-color has-background-dim-100 has-background-dim\"><\/span><div class=\"wp-block-cover__inner-container is-layout-flow wp-block-cover-is-layout-flow\">\n<div class=\"wp-block-group\"><div class=\"wp-block-group__inner-container is-layout-flow wp-block-group-is-layout-flow\">\n<div class=\"wp-block-columns are-vertically-aligned-center is-layout-flex wp-container-core-columns-is-layout-9d6595d7 wp-block-columns-is-layout-flex\">\n<div class=\"wp-block-column is-vertically-aligned-center is-layout-flow wp-block-column-is-layout-flow\" style=\"flex-basis:50%\"><div class=\"wp-block-image\">\n<figure class=\"aligncenter size-large is-resized\"><img loading=\"lazy\" decoding=\"async\" width=\"1024\" height=\"768\" src=\"https:\/\/parroquiasaneloy.archimadrid.es\/wp-content\/uploads\/2025\/08\/the-flute-2152414_1280-1024x768.jpg\" alt=\"\" class=\"wp-image-441\" style=\"width:444px;height:auto\" srcset=\"https:\/\/parroquiasaneloy.archimadrid.es\/wp-content\/uploads\/2025\/08\/the-flute-2152414_1280-1024x768.jpg 1024w, https:\/\/parroquiasaneloy.archimadrid.es\/wp-content\/uploads\/2025\/08\/the-flute-2152414_1280-300x225.jpg 300w, https:\/\/parroquiasaneloy.archimadrid.es\/wp-content\/uploads\/2025\/08\/the-flute-2152414_1280-768x576.jpg 768w, https:\/\/parroquiasaneloy.archimadrid.es\/wp-content\/uploads\/2025\/08\/the-flute-2152414_1280.jpg 1280w\" sizes=\"auto, (max-width: 1024px) 100vw, 1024px\" \/><\/figure>\n<\/div>\n\n\n<div style=\"height:24px\" aria-hidden=\"true\" class=\"wp-block-spacer\"><\/div>\n\n\n\n<h3 class=\"wp-block-heading has-text-align-center has-neve-text-color-color has-text-color\">Con tus dones y con tu tiempo<\/h3>\n\n\n\n<p class=\"has-text-align-center has-neve-text-color-color has-text-color\"><strong>Tus talento es un regalo de Dios para t\u00ed. Lo que haces con \u00e9l es tu regalo para Dios.<\/strong><\/p>\n\n\n\n<p class=\"has-text-align-left\"><strong>Necesitamos ayuda en todos los campos: mantenimiento (electricidad, fontaner\u00eda, alba\u00f1iler\u00eda, jardiner\u00eda..) catequesis, grupos de pastoral, directores coro, voces, instrumentistas para coros&#8230;.<\/strong><\/p>\n\n\n\n<p class=\"has-text-align-center has-neve-text-color-color has-text-color\"><strong>Tambi\u00e9n estamos abiertos a cualquier iniciativa. No dudes en contactar con nosotros y cont\u00e1rnosla.<\/strong><\/p>\n\n\n\n<div style=\"height:40px\" aria-hidden=\"true\" class=\"wp-block-spacer\"><\/div>\n<\/div>\n\n\n\n<div class=\"wp-block-column is-vertically-aligned-center is-layout-flow wp-block-column-is-layout-flow\" style=\"flex-basis:50%\"><div class=\"wp-block-image\">\n<figure class=\"aligncenter size-full is-resized\"><img loading=\"lazy\" decoding=\"async\" width=\"612\" height=\"408\" src=\"https:\/\/parroquiasaneloy.archimadrid.es\/wp-content\/uploads\/2025\/09\/dinero.jpg\" alt=\"\" class=\"wp-image-617\" style=\"width:464px;height:auto\" srcset=\"https:\/\/parroquiasaneloy.archimadrid.es\/wp-content\/uploads\/2025\/09\/dinero.jpg 612w, https:\/\/parroquiasaneloy.archimadrid.es\/wp-content\/uploads\/2025\/09\/dinero-300x200.jpg 300w\" sizes=\"auto, (max-width: 612px) 100vw, 612px\" \/><\/figure>\n<\/div>\n\n<div class=\"wp-block-image\">\n<figure class=\"aligncenter size-full\"><img loading=\"lazy\" decoding=\"async\" width=\"300\" height=\"114\" src=\"https:\/\/parroquiasaneloy.archimadrid.es\/wp-content\/uploads\/2025\/09\/image.png\" alt=\"\" class=\"wp-image-608\"\/><\/figure>\n<\/div>\n\n\n<div style=\"height:24px\" aria-hidden=\"true\" class=\"wp-block-spacer\"><\/div>\n\n\n\n<h3 class=\"wp-block-heading has-text-align-center has-neve-text-color-color has-text-color\">Econ\u00f3micamente<\/h3>\n\n\n\n<p class=\"has-text-align-center has-neve-text-color-color has-text-color\"><\/p>\n\n\n\n<p class=\"has-text-align-left\"><strong>La parroquia tienes unos gastos de mantenimiento necesarios para mantener la actividad y el culto. Por ese motivo necesitamos tu colaboraci\u00f3n econ\u00f3mica para que San Eloy sea un lugar acogedor y acondicionado para ser lugar de encuentro con el Se\u00f1or y con la Iglesia.<\/strong><\/p>\n\n\n\n<p><strong>Si quieres colaborar econ\u00f3micamente, te invitamos a que te suscribas a la parroquia. Puedes hacerlo mensual, trimestral o anualmente. Para suscribirte pide el formulario de inscipci\u00f3n a parroquiasaneloymadrid@gmail.com<\/strong><\/p>\n\n\n\n<p><\/p>\n\n\n\n<p><\/p>\n\n\n\n<p><\/p>\n\n\n\n<p><\/p>\n\n\n\n<p><\/p>\n\n\n<div class=\"wp-block-image\">\n<figure class=\"aligncenter size-full is-resized\"><img loading=\"lazy\" decoding=\"async\" width=\"300\" height=\"450\" src=\"https:\/\/parroquiasaneloy.archimadrid.es\/wp-content\/uploads\/2026\/02\/suscripcion-e1771521058996.jpeg\" alt=\"\" class=\"wp-image-1215\" style=\"aspect-ratio:0.6659743280854069;width:396px;height:auto\"\/><\/figure>\n<\/div>\n\n\n<p><\/p>\n\n\n\n<p><strong>TABLA ACTUALIZADA DE DESGRAVACIONES PARA LA RENTA QUE AFECTAN A CUALQUIER TIPO DE DONATIVO, PUNTUAL, SUSCRIPCIONES<\/strong>..<\/p>\n\n\n\n<figure class=\"wp-block-table\"><table class=\"has-fixed-layout\"><tbody><tr><td><strong>COMO DESGRAVAN LOS DONATIVOS DE PERSONAS F\u00cdSICAS<\/strong><\/td><td><strong>COMO DESGRAVAN LOS DONATIVOS DE PERSONAS JUR\u00cdDICAS<\/strong><\/td><\/tr><tr><td><strong>80%  en los PRIMEROS 250 EUROS<\/strong><\/td><td><strong>40% para DONACIONES EN GENERAL<\/strong><\/td><\/tr><tr><td><strong>40% a partir DE 250 EUROS<\/strong><\/td><td><strong>50% si LAS DONACIONES SE HAN MANTENIDO 2 A\u00d1OS POR IGUAL IMPORTE O MAYOR<\/strong><\/td><\/tr><tr><td><strong>45% a partir DE 250 EUROS SI LAS DONACIONES SE MANTIENEN DURANTE 2 A\u00d1OS<\/strong><\/td><td><\/td><\/tr><\/tbody><\/table><\/figure>\n\n\n\n<p><strong>Tambi\u00e9n puedes donar a trav\u00e9s de BIZUM. A trav\u00e9s de Bizum recibimos tus datos fiscales y puedes tambi\u00e9n desgravarte de Hacienda.<\/strong> <strong>Contacta con nosotros.<\/strong><\/p>\n\n\n\n<p><strong>A trav\u00e9s de la Web <a href=\"http:\/\/donoamiiglesia.com\">Dono a mi Iglesia<\/a>. Elige donar a mi parroquia y pon la parroquia de San Eloy.<\/strong><\/p>\n\n\n\n<p class=\"has-text-align-center has-nv-site-bg-color has-text-color\"><strong>Por \u00faltimo , puedes hacer un donativo puntual por transferencia bancaria. Para ello contacta en horario de despacho y te facilitaremos el n\u00famero de cuenta.<\/strong><\/p>\n\n\n\n<div style=\"height:40px\" aria-hidden=\"true\" class=\"wp-block-spacer\"><\/div>\n<\/div>\n<\/div>\n\n\n\n<div style=\"height:40px\" aria-hidden=\"true\" class=\"wp-block-spacer\"><\/div>\n<\/div><\/div>\n<\/div><\/div>\n","protected":false},"excerpt":{"rendered":"<p>Colabora con la parroquia<\/p>\n","protected":false},"author":2,"featured_media":0,"parent":0,"menu_order":0,"comment_status":"closed","ping_status":"closed","template":"","meta":{"neve_meta_sidebar":"full-width","neve_meta_container":"","neve_meta_enable_content_width":"on","neve_meta_content_width":100,"neve_meta_title_alignment":"","neve_meta_author_avatar":"","neve_post_elements_order":"","neve_meta_disable_header":"","neve_meta_disable_footer":"","neve_meta_disable_title":"on","_themeisle_gutenberg_block_has_review":false,"footnotes":""},"class_list":["post-69","page","type-page","status-publish","hentry"],"_links":{"self":[{"href":"https:\/\/parroquiasaneloy.archimadrid.es\/index.php?rest_route=\/wp\/v2\/pages\/69","targetHints":{"allow":["GET"]}}],"collection":[{"href":"https:\/\/parroquiasaneloy.archimadrid.es\/index.php?rest_route=\/wp\/v2\/pages"}],"about":[{"href":"https:\/\/parroquiasaneloy.archimadrid.es\/index.php?rest_route=\/wp\/v2\/types\/page"}],"author":[{"embeddable":true,"href":"https:\/\/parroquiasaneloy.archimadrid.es\/index.php?rest_route=\/wp\/v2\/users\/2"}],"replies":[{"embeddable":true,"href":"https:\/\/parroquiasaneloy.archimadrid.es\/index.php?rest_route=%2Fwp%2Fv2%2Fcomments&post=69"}],"version-history":[{"count":27,"href":"https:\/\/parroquiasaneloy.archimadrid.es\/index.php?rest_route=\/wp\/v2\/pages\/69\/revisions"}],"predecessor-version":[{"id":1221,"href":"https:\/\/parroquiasaneloy.archimadrid.es\/index.php?rest_route=\/wp\/v2\/pages\/69\/revisions\/1221"}],"wp:attachment":[{"href":"https:\/\/parroquiasaneloy.archimadrid.es\/index.php?rest_route=%2Fwp%2Fv2%2Fmedia&parent=69"}],"curies":[{"name":"wp","href":"https:\/\/api.w.org\/{rel}","templated":true}]}}

<h1 class="wp-block-heading">Colabora con la parroquia</h1>



<p></p>



<div class="wp-block-cover alignfull" style="min-height:600px;aspect-ratio:unset;"><span aria-hidden="true" class="wp-block-cover__background has-nv-light-bg-background-color has-background-dim-100 has-background-dim"></span><div class="wp-block-cover__inner-container is-layout-flow wp-block-cover-is-layout-flow">
<div class="wp-block-group"><div class="wp-block-group__inner-container is-layout-flow wp-block-group-is-layout-flow">
<div class="wp-block-columns are-vertically-aligned-center is-layout-flex wp-container-core-columns-is-layout-9d6595d7 wp-block-columns-is-layout-flex">
<div class="wp-block-column is-vertically-aligned-center is-layout-flow wp-block-column-is-layout-flow" style="flex-basis:50%"><div class="wp-block-image">
<figure class="aligncenter size-large is-resized"><img loading="lazy" decoding="async" width="1024" height="768" src="https://parroquiasaneloy.archimadrid.es/wp-content/uploads/2025/08/the-flute-2152414_1280-1024x768.jpg" alt="" class="wp-image-441" style="width:444px;height:auto" srcset="https://parroquiasaneloy.archimadrid.es/wp-content/uploads/2025/08/the-flute-2152414_1280-1024x768.jpg 1024w, https://parroquiasaneloy.archimadrid.es/wp-content/uploads/2025/08/the-flute-2152414_1280-300x225.jpg 300w, https://parroquiasaneloy.archimadrid.es/wp-content/uploads/2025/08/the-flute-2152414_1280-768x576.jpg 768w, https://parroquiasaneloy.archimadrid.es/wp-content/uploads/2025/08/the-flute-2152414_1280.jpg 1280w" sizes="auto, (max-width: 1024px) 100vw, 1024px" /></figure>
</div>


<div style="height:24px" aria-hidden="true" class="wp-block-spacer"></div>



<h3 class="wp-block-heading has-text-align-center has-neve-text-color-color has-text-color">Con tus dones y con tu tiempo</h3>



<p class="has-text-align-center has-neve-text-color-color has-text-color"><strong>Tus talento es un regalo de Dios para tí. Lo que haces con él es tu regalo para Dios.</strong></p>



<p class="has-text-align-left"><strong>Necesitamos ayuda en todos los campos: mantenimiento (electricidad, fontanería, albañilería, jardinería..) catequesis, grupos de pastoral, directores coro, voces, instrumentistas para coros&#8230;.</strong></p>



<p class="has-text-align-center has-neve-text-color-color has-text-color"><strong>También estamos abiertos a cualquier iniciativa. No dudes en contactar con nosotros y contárnosla.</strong></p>



<div style="height:40px" aria-hidden="true" class="wp-block-spacer"></div>
</div>



<div class="wp-block-column is-vertically-aligned-center is-layout-flow wp-block-column-is-layout-flow" style="flex-basis:50%"><div class="wp-block-image">
<figure class="aligncenter size-full is-resized"><img loading="lazy" decoding="async" width="612" height="408" src="https://parroquiasaneloy.archimadrid.es/wp-content/uploads/2025/09/dinero.jpg" alt="" class="wp-image-617" style="width:464px;height:auto" srcset="https://parroquiasaneloy.archimadrid.es/wp-content/uploads/2025/09/dinero.jpg 612w, https://parroquiasaneloy.archimadrid.es/wp-content/uploads/2025/09/dinero-300x200.jpg 300w" sizes="auto, (max-width: 612px) 100vw, 612px" /></figure>
</div>

<div class="wp-block-image">
<figure class="aligncenter size-full"><img loading="lazy" decoding="async" width="300" height="114" src="https://parroquiasaneloy.archimadrid.es/wp-content/uploads/2025/09/image.png" alt="" class="wp-image-608"/></figure>
</div>


<div style="height:24px" aria-hidden="true" class="wp-block-spacer"></div>



<h3 class="wp-block-heading has-text-align-center has-neve-text-color-color has-text-color">Económicamente</h3>



<p class="has-text-align-center has-neve-text-color-color has-text-color"></p>



<p class="has-text-align-left"><strong>La parroquia tienes unos gastos de mantenimiento necesarios para mantener la actividad y el culto. Por ese motivo necesitamos tu colaboración económica para que San Eloy sea un lugar acogedor y acondicionado para ser lugar de encuentro con el Señor y con la Iglesia.</strong></p>



<p><strong>Si quieres colaborar económicamente, te invitamos a que te suscribas a la parroquia. Puedes hacerlo mensual, trimestral o anualmente. Para suscribirte pide el formulario de inscipción a parroquiasaneloymadrid@gmail.com</strong></p>



<p></p>



<p></p>



<p></p>



<p></p>



<p></p>


<div class="wp-block-image">
<figure class="aligncenter size-full is-resized"><img loading="lazy" decoding="async" width="300" height="450" src="https://parroquiasaneloy.archimadrid.es/wp-content/uploads/2026/02/suscripcion-e1771521058996.jpeg" alt="" class="wp-image-1215" style="aspect-ratio:0.6659743280854069;width:396px;height:auto"/></figure>
</div>


<p></p>



<p><strong>TABLA ACTUALIZADA DE DESGRAVACIONES PARA LA RENTA QUE AFECTAN A CUALQUIER TIPO DE DONATIVO, PUNTUAL, SUSCRIPCIONES</strong>..</p>



<figure class="wp-block-table"><table class="has-fixed-layout"><tbody><tr><td><strong>COMO DESGRAVAN LOS DONATIVOS DE PERSONAS FÍSICAS</strong></td><td><strong>COMO DESGRAVAN LOS DONATIVOS DE PERSONAS JURÍDICAS</strong></td></tr><tr><td><strong>80%  en los PRIMEROS 250 EUROS</strong></td><td><strong>40% para DONACIONES EN GENERAL</strong></td></tr><tr><td><strong>40% a partir DE 250 EUROS</strong></td><td><strong>50% si LAS DONACIONES SE HAN MANTENIDO 2 AÑOS POR IGUAL IMPORTE O MAYOR</strong></td></tr><tr><td><strong>45% a partir DE 250 EUROS SI LAS DONACIONES SE MANTIENEN DURANTE 2 AÑOS</strong></td><td></td></tr></tbody></table></figure>



<p><strong>También puedes donar a través de BIZUM. A través de Bizum recibimos tus datos fiscales y puedes también desgravarte de Hacienda.</strong> <strong>Contacta con nosotros.</strong></p>



<p><strong>A través de la Web <a href="http://donoamiiglesia.com">Dono a mi Iglesia</a>. Elige donar a mi parroquia y pon la parroquia de San Eloy.</strong></p>



<p class="has-text-align-center has-nv-site-bg-color has-text-color"><strong>Por último , puedes hacer un donativo puntual por transferencia bancaria. Para ello contacta en horario de despacho y te facilitaremos el número de cuenta.</strong></p>



<div style="height:40px" aria-hidden="true" class="wp-block-spacer"></div>
</div>
</div>



<div style="height:40px" aria-hidden="true" class="wp-block-spacer"></div>
</div></div>
</div></div>
