{"id":915,"date":"2025-10-02T08:08:29","date_gmt":"2025-10-02T08:08:29","guid":{"rendered":"https:\/\/nueva.parroquiasaneloy.archimadrid.es\/?page_id=915"},"modified":"2025-10-02T10:07:32","modified_gmt":"2025-10-02T10:07:32","slug":"confirmacion","status":"publish","type":"page","link":"https:\/\/parroquiasaneloy.archimadrid.es\/?page_id=915","title":{"rendered":"Confirmaci\u00f3n"},"content":{"rendered":"\n<figure class=\"wp-block-image size-full is-resized\"><img loading=\"lazy\" decoding=\"async\" width=\"157\" height=\"180\" src=\"https:\/\/parroquiasaneloy.archimadrid.es\/wp-content\/uploads\/2025\/08\/confirmacion.jpg\" alt=\"\" class=\"wp-image-565\" style=\"width:91px;height:auto\"\/><\/figure>\n\n\n\n<p>La Confirmaci\u00f3n es junto con el Bautismo y la Eucarist\u00eda, uno de los Sacramentos de la iniciaci\u00f3n cristiana.<\/p>\n\n\n\n<p>Para recibir el Sacramento de la Confirmaci\u00f3n se puede seguir el itinerario de la catequesis despu\u00e9s de la Comuni\u00f3n y recibir la Confirmaci\u00f3n cuando uno est\u00e9 preparado. No hay l\u00edmite de edad para ello y por eso, si alg\u00fan adulto quiere recibir la Confirmaci\u00f3n puede iniciar el proceso de preparaci\u00f3n. Para ello es necesario previamente hablar con alguno de los sacerdotes en el despacho para valorar la situaci\u00f3n.<\/p>\n\n\n\n<blockquote class=\"wp-block-quote is-layout-flow wp-block-quote-is-layout-flow\">\n<p style=\"font-size:16px\"><strong>Pero el Consolador, el Esp\u00edritu Santo, a quien el Padre enviar\u00e1 en mi nombre, \u00c9l les ense\u00f1ar\u00e1 todas las cosas&#8230; (Juan 14:26)<\/strong><\/p>\n<\/blockquote>\n","protected":false},"excerpt":{"rendered":"<p>La Confirmaci\u00f3n es junto con el Bautismo y la Eucarist\u00eda, uno de los Sacramentos de la iniciaci\u00f3n cristiana. Para recibir el Sacramento de la Confirmaci\u00f3n se puede seguir el itinerario de la catequesis despu\u00e9s de la Comuni\u00f3n y recibir la Confirmaci\u00f3n cuando uno est\u00e9 preparado. No hay l\u00edmite de edad para ello y por eso,&hellip;&nbsp;<\/p>\n","protected":false},"author":2,"featured_media":0,"parent":0,"menu_order":0,"comment_status":"closed","ping_status":"closed","template":"","meta":{"neve_meta_sidebar":"","neve_meta_container":"","neve_meta_enable_content_width":"","neve_meta_content_width":0,"neve_meta_title_alignment":"","neve_meta_author_avatar":"","neve_post_elements_order":"","neve_meta_disable_header":"","neve_meta_disable_footer":"","neve_meta_disable_title":"","_themeisle_gutenberg_block_has_review":false,"footnotes":""},"class_list":["post-915","page","type-page","status-publish","hentry"],"_links":{"self":[{"href":"https:\/\/parroquiasaneloy.archimadrid.es\/index.php?rest_route=\/wp\/v2\/pages\/915","targetHints":{"allow":["GET"]}}],"collection":[{"href":"https:\/\/parroquiasaneloy.archimadrid.es\/index.php?rest_route=\/wp\/v2\/pages"}],"about":[{"href":"https:\/\/parroquiasaneloy.archimadrid.es\/index.php?rest_route=\/wp\/v2\/types\/page"}],"author":[{"embeddable":true,"href":"https:\/\/parroquiasaneloy.archimadrid.es\/index.php?rest_route=\/wp\/v2\/users\/2"}],"replies":[{"embeddable":true,"href":"https:\/\/parroquiasaneloy.archimadrid.es\/index.php?rest_route=%2Fwp%2Fv2%2Fcomments&post=915"}],"version-history":[{"count":3,"href":"https:\/\/parroquiasaneloy.archimadrid.es\/index.php?rest_route=\/wp\/v2\/pages\/915\/revisions"}],"predecessor-version":[{"id":943,"href":"https:\/\/parroquiasaneloy.archimadrid.es\/index.php?rest_route=\/wp\/v2\/pages\/915\/revisions\/943"}],"wp:attachment":[{"href":"https:\/\/parroquiasaneloy.archimadrid.es\/index.php?rest_route=%2Fwp%2Fv2%2Fmedia&parent=915"}],"curies":[{"name":"wp","href":"https:\/\/api.w.org\/{rel}","templated":true}]}}