{"id":917,"date":"2025-10-02T08:09:13","date_gmt":"2025-10-02T08:09:13","guid":{"rendered":"https:\/\/nueva.parroquiasaneloy.archimadrid.es\/?page_id=917"},"modified":"2025-10-04T10:24:36","modified_gmt":"2025-10-04T10:24:36","slug":"eucaristia","status":"publish","type":"page","link":"https:\/\/parroquiasaneloy.archimadrid.es\/?page_id=917","title":{"rendered":"Eucarist\u00eda"},"content":{"rendered":"\n<figure class=\"wp-block-image size-full is-resized\"><img loading=\"lazy\" decoding=\"async\" width=\"612\" height=\"408\" src=\"https:\/\/parroquiasaneloy.archimadrid.es\/wp-content\/uploads\/2025\/10\/misa-1.jpg\" alt=\"\" class=\"wp-image-946\" style=\"width:120px;height:auto\" srcset=\"https:\/\/parroquiasaneloy.archimadrid.es\/wp-content\/uploads\/2025\/10\/misa-1.jpg 612w, https:\/\/parroquiasaneloy.archimadrid.es\/wp-content\/uploads\/2025\/10\/misa-1-300x200.jpg 300w\" sizes=\"auto, (max-width: 612px) 100vw, 612px\" \/><\/figure>\n\n\n\n<p>En el coraz\u00f3n de la vida cristiana est\u00e1 la Eucarist\u00eda, sacramento de comuni\u00f3n, a trav\u00e9s del cual recibimos el Cuerpo y la Sangre del Se\u00f1or. Es un rito que conmemora la \u00daltima Cena de Jes\u00fas con sus disc\u00edpulos, donde instituy\u00f3 este sacramento al ofrecer pan y vino como su Cuerpo y Sangre. En el momento de la consagraci\u00f3n el pan y vino se transforman realmente en el Cuerpo y Sangre de Cristo (doctrina de la transustanciaci\u00f3n) aunque mantienen la apariencia de pan y vino. Este misterio representa la presencia real de Cristo.<\/p>\n\n\n\n<p>La Eucarist\u00eda se celebra principalmente en la Misa, que consta de dos partes: la Liturgia de la Palabra (lecturas b\u00edblicas) y la Liturgia Eucar\u00edstica (ofrenda, consagraci\u00f3n y comuni\u00f3n). Tambi\u00e9n puede ser adorada fuera de la Misa en la Adoraci\u00f3n Eucar\u00edstica donde el Sant\u00edsimo Sacramento se expone para la oraci\u00f3n.<\/p>\n\n\n\n<p>Al recibir la Primera Comuni\u00f3n entramos en la vida cristiana adulta y debemos participar con mayor responsabilidad en la vida de la Iglesia.<\/p>\n\n\n\n<blockquote class=\"wp-block-quote is-layout-flow wp-block-quote-is-layout-flow\">\n<p style=\"font-size:16px\"><strong>Yo soy el Pan de vida. El que come de este Pan vivir\u00e1 para siempre. (Juan 6:51)<\/strong><\/p>\n<\/blockquote>\n\n\n\n<p><\/p>\n","protected":false},"excerpt":{"rendered":"<p>En el coraz\u00f3n de la vida cristiana est\u00e1 la Eucarist\u00eda, sacramento de comuni\u00f3n, a trav\u00e9s del cual recibimos el Cuerpo y la Sangre del Se\u00f1or. Es un rito que conmemora la \u00daltima Cena de Jes\u00fas con sus disc\u00edpulos, donde instituy\u00f3 este sacramento al ofrecer pan y vino como su Cuerpo y Sangre. En el momento&hellip;&nbsp;<\/p>\n","protected":false},"author":2,"featured_media":0,"parent":0,"menu_order":0,"comment_status":"closed","ping_status":"closed","template":"","meta":{"neve_meta_sidebar":"","neve_meta_container":"","neve_meta_enable_content_width":"","neve_meta_content_width":0,"neve_meta_title_alignment":"","neve_meta_author_avatar":"","neve_post_elements_order":"","neve_meta_disable_header":"","neve_meta_disable_footer":"","neve_meta_disable_title":"","_themeisle_gutenberg_block_has_review":false,"footnotes":""},"class_list":["post-917","page","type-page","status-publish","hentry"],"_links":{"self":[{"href":"https:\/\/parroquiasaneloy.archimadrid.es\/index.php?rest_route=\/wp\/v2\/pages\/917","targetHints":{"allow":["GET"]}}],"collection":[{"href":"https:\/\/parroquiasaneloy.archimadrid.es\/index.php?rest_route=\/wp\/v2\/pages"}],"about":[{"href":"https:\/\/parroquiasaneloy.archimadrid.es\/index.php?rest_route=\/wp\/v2\/types\/page"}],"author":[{"embeddable":true,"href":"https:\/\/parroquiasaneloy.archimadrid.es\/index.php?rest_route=\/wp\/v2\/users\/2"}],"replies":[{"embeddable":true,"href":"https:\/\/parroquiasaneloy.archimadrid.es\/index.php?rest_route=%2Fwp%2Fv2%2Fcomments&post=917"}],"version-history":[{"count":5,"href":"https:\/\/parroquiasaneloy.archimadrid.es\/index.php?rest_route=\/wp\/v2\/pages\/917\/revisions"}],"predecessor-version":[{"id":953,"href":"https:\/\/parroquiasaneloy.archimadrid.es\/index.php?rest_route=\/wp\/v2\/pages\/917\/revisions\/953"}],"wp:attachment":[{"href":"https:\/\/parroquiasaneloy.archimadrid.es\/index.php?rest_route=%2Fwp%2Fv2%2Fmedia&parent=917"}],"curies":[{"name":"wp","href":"https:\/\/api.w.org\/{rel}","templated":true}]}}