{"id":923,"date":"2025-10-02T08:13:58","date_gmt":"2025-10-02T08:13:58","guid":{"rendered":"https:\/\/nueva.parroquiasaneloy.archimadrid.es\/?page_id=923"},"modified":"2025-10-09T09:29:50","modified_gmt":"2025-10-09T09:29:50","slug":"matrimonio","status":"publish","type":"page","link":"https:\/\/parroquiasaneloy.archimadrid.es\/?page_id=923","title":{"rendered":"Matrimonio"},"content":{"rendered":"\n<figure class=\"wp-block-image size-full is-resized\"><img loading=\"lazy\" decoding=\"async\" width=\"303\" height=\"180\" src=\"https:\/\/parroquiasaneloy.archimadrid.es\/wp-content\/uploads\/2025\/08\/matrimonio.jpg\" alt=\"\" class=\"wp-image-564\" style=\"width:136px;height:auto\" srcset=\"https:\/\/parroquiasaneloy.archimadrid.es\/wp-content\/uploads\/2025\/08\/matrimonio.jpg 303w, https:\/\/parroquiasaneloy.archimadrid.es\/wp-content\/uploads\/2025\/08\/matrimonio-300x178.jpg 300w\" sizes=\"auto, (max-width: 303px) 100vw, 303px\" \/><\/figure>\n\n\n\n<p>El sacramento del matrimonio es un v\u00ednculo sagrado e indisoluble entre un hombre y una mujer que se unen libremente para toda la vida con el fin de ayudarse mutuamente, procrear y educar a los hijos. Esta uni\u00f3n, basada en el amor, es bendecida por Dios.<\/p>\n\n\n\n<p>Para poder contraer matrimonio por la Iglesia es necesario una serie de requisitos previos. Para las dudas que surjan, estamos disponibles en el despacho parroquial para explicar bien el proceso. No obstante dispon\u00e9is de toda la informaci\u00f3n completa en el siguiente enlace <a href=\"https:\/\/www.delfam.es\">Delegaci\u00f3n de familia de la Di\u00f3cesis<\/a>.<\/p>\n\n\n\n<p>Con el fin de poder solventar problemas dentro del matrimonio que pudieran surgir con el tiempo, existe la posibilidad de contactar con los Centros de Orientaci\u00f3n Familiar (COF) para ayudar sobre diferentes dificultades: problemas conyugales, de fertilidad, de comunicaci\u00f3n, problemas con sus hijos y su educaci\u00f3n, etc. No dudes en acercarte a ellos. Tambi\u00e9n los sacerdotes en el despacho parroquial os pueden ayudar a valorar la necesidad de acudir a estos centros de ayuda. <\/p>\n\n\n\n<p><a href=\"https:\/\/www.cofmadrid.com\">Lista de COF,S de la Di\u00f3cesis y contacto <\/a><\/p>\n\n\n\n<blockquote class=\"wp-block-quote is-layout-flow wp-block-quote-is-layout-flow\">\n<p style=\"font-size:16px\"><strong>\u00bfNo hab\u00e9is le\u00eddo -les contest\u00f3 Jes\u00fas- que en el principio Dios cre\u00f3 hombre y mujer, y dijo: &#8216;Por eso dejar\u00e1 el hombre a su padre y a su madre y se unir\u00e1 a su mujer y los dos llegar\u00e1n a ser una sola carne&#8217;? As\u00ed que ya nos son dos, sino uno solo, Por tanto, lo que Dios ha unido, que no lo separe el hombre. (Mateo 19 4-6)<\/strong><\/p>\n<\/blockquote>\n\n\n\n<p><\/p>\n","protected":false},"excerpt":{"rendered":"<p>El sacramento del matrimonio es un v\u00ednculo sagrado e indisoluble entre un hombre y una mujer que se unen libremente para toda la vida con el fin de ayudarse mutuamente, procrear y educar a los hijos. Esta uni\u00f3n, basada en el amor, es bendecida por Dios. Para poder contraer matrimonio por la Iglesia es necesario&hellip;&nbsp;<\/p>\n","protected":false},"author":2,"featured_media":0,"parent":0,"menu_order":0,"comment_status":"closed","ping_status":"closed","template":"","meta":{"neve_meta_sidebar":"","neve_meta_container":"","neve_meta_enable_content_width":"","neve_meta_content_width":0,"neve_meta_title_alignment":"","neve_meta_author_avatar":"","neve_post_elements_order":"","neve_meta_disable_header":"","neve_meta_disable_footer":"","neve_meta_disable_title":"","_themeisle_gutenberg_block_has_review":false,"footnotes":""},"class_list":["post-923","page","type-page","status-publish","hentry"],"_links":{"self":[{"href":"https:\/\/parroquiasaneloy.archimadrid.es\/index.php?rest_route=\/wp\/v2\/pages\/923","targetHints":{"allow":["GET"]}}],"collection":[{"href":"https:\/\/parroquiasaneloy.archimadrid.es\/index.php?rest_route=\/wp\/v2\/pages"}],"about":[{"href":"https:\/\/parroquiasaneloy.archimadrid.es\/index.php?rest_route=\/wp\/v2\/types\/page"}],"author":[{"embeddable":true,"href":"https:\/\/parroquiasaneloy.archimadrid.es\/index.php?rest_route=\/wp\/v2\/users\/2"}],"replies":[{"embeddable":true,"href":"https:\/\/parroquiasaneloy.archimadrid.es\/index.php?rest_route=%2Fwp%2Fv2%2Fcomments&post=923"}],"version-history":[{"count":4,"href":"https:\/\/parroquiasaneloy.archimadrid.es\/index.php?rest_route=\/wp\/v2\/pages\/923\/revisions"}],"predecessor-version":[{"id":973,"href":"https:\/\/parroquiasaneloy.archimadrid.es\/index.php?rest_route=\/wp\/v2\/pages\/923\/revisions\/973"}],"wp:attachment":[{"href":"https:\/\/parroquiasaneloy.archimadrid.es\/index.php?rest_route=%2Fwp%2Fv2%2Fmedia&parent=923"}],"curies":[{"name":"wp","href":"https:\/\/api.w.org\/{rel}","templated":true}]}}