{"id":985,"date":"2025-10-23T09:18:12","date_gmt":"2025-10-23T09:18:12","guid":{"rendered":"https:\/\/nueva.parroquiasaneloy.archimadrid.es\/?page_id=985"},"modified":"2025-10-23T09:44:19","modified_gmt":"2025-10-23T09:44:19","slug":"aviso-legal","status":"publish","type":"page","link":"https:\/\/parroquiasaneloy.archimadrid.es\/?page_id=985","title":{"rendered":"Aviso legal"},"content":{"rendered":"\n<p><\/p>\n\n\n\n<p><em>En cumplimiento de lo establecido en la Ley 34\/2002, de 11 de julio, de Servicios de la Sociedad de la Informaci\u00f3n y del Comercio Electr\u00f3nico, los datos identificativos del titular de la web son:<\/em><\/p>\n\n\n\n<p><strong><em>PARROQUIA DE SAN ELOY \u2013 NIF<\/em><\/strong><em>&nbsp;<strong>R-7800133-F<\/strong><\/em><\/p>\n\n\n\n<p><strong><em>Plaza del Doctor Barraquer 1 28035 Madrid<\/em><\/strong><em><\/em><\/p>\n\n\n\n<p><strong><em>Inscrita en el registro de entidades religiosas del Ministerio de Justicia de Espa\u00f1a (n\u00famero de inscripci\u00f3n).<\/em><\/strong><em><\/em><\/p>\n\n\n\n<p><strong><em>917389740 \u2013&nbsp;<\/em><\/strong><em>parroquiasaneloymadrid@gmail.com<\/em><\/p>\n\n\n\n<p><strong><em>Condiciones Generales de Uso<\/em><\/strong><em><\/em><\/p>\n\n\n\n<p><em>El acceso a la web de la&nbsp;<strong>PARROQUIA DE SAN ELOY&nbsp;<\/strong>supone la aceptaci\u00f3n del usuario de las presentes condiciones, que podr\u00e1n ser modificadas total o parcialmente, en cualquier momento y sin previo aviso. Si no est\u00e1 de acuerdo con las mismas, le recomendamos que no contin\u00fae en nuestro sitio web.<\/em><\/p>\n\n\n\n<p><strong><em>Obligaciones generales del usuario<\/em><\/strong><em><\/em><\/p>\n\n\n\n<p><em>El usuario de la web se obliga a actuar con sujeci\u00f3n a la legislaci\u00f3n espa\u00f1ola y se compromete a hacer un uso adecuado de los contenidos, servicios, aplicaciones y herramientas que est\u00e1n accesibles, de acuerdo con las presentes condiciones generales de uso, respetando en todo momento a los dem\u00e1s usuarios de la misma. En particular, se compromete a:<\/em><\/p>\n\n\n\n<ul class=\"wp-block-list\">\n<li><em>No realizar ninguna acci\u00f3n destinada perjudicar, bloquear, da\u00f1ar, inutilizar, sobrecargar las funcionalidades, herramientas, contenidos y\/o la infraestructura de la p\u00e1gina web, de manera que impida su utilizaci\u00f3n.<\/em><\/li>\n\n\n\n<li><em>Proporcionar datos exactos y veraces.<\/em><\/li>\n\n\n\n<li><em>No utilizar cualquiera de los materiales e informaciones contenidos en este sitio web con fines il\u00edcitos y\/o expresamente prohibidos en las presentes condiciones generales de uso<\/em><\/li>\n<\/ul>\n\n\n\n<p><strong><em>Propiedad intelectual<\/em><\/strong><em><\/em><\/p>\n\n\n\n<p><em>El sitio web y la informaci\u00f3n y los contenidos propios en las mismas (incluyendo el c\u00f3digo fuente, los dise\u00f1os gr\u00e1ficos, textos, documentos, fotograf\u00edas, animaciones, software), as\u00ed como logotipos, marcas, nombres comerciales u otros signos distintivos, se encuentran protegidos por derechos de propiedad intelectual recogidos en la legislaci\u00f3n espa\u00f1ola, de los que la&nbsp;<strong>PARROQUIA DE SAN ELOY&nbsp;<\/strong>es titular u ostenta autorizaci\u00f3n para su utilizaci\u00f3n y comunicaci\u00f3n p\u00fablica de los leg\u00edtimos titulares de las mismas.<\/em><\/p>\n\n\n\n<p><em>No se permite la reproducci\u00f3n y\/o publicaci\u00f3n, total o parcial, del sitio web, ni su tratamiento inform\u00e1tico, su distribuci\u00f3n, su difusi\u00f3n, ni su modificaci\u00f3n, ni dem\u00e1s derechos reconocidos legalmente al titular de la web. En ning\u00fan caso, significar\u00e1 una autorizaci\u00f3n sobre los derechos de propiedad de la&nbsp;<strong>PARROQUIA DE SAN ELOY&nbsp;<\/strong>o de los leg\u00edtimos titulares de los mismos.<\/em><\/p>\n\n\n\n<p><em>La&nbsp;<strong>PARROQUIA DE SAN ELOY&nbsp;<\/strong>autoriza al usuario para visualizar la informaci\u00f3n que se contiene en este sitio web, as\u00ed como para utilizar su material para su uso personal y privado. &nbsp;<\/em><\/p>\n\n\n\n<p><strong><em>Responsabilidad<\/em><\/strong><em><\/em><\/p>\n\n\n\n<p><em>La<strong>&nbsp;PARROQUIA DE SAN ELOY&nbsp;<\/strong>no se hace responsable del incumplimiento de cualquier norma aplicable en que pueda incurrir el usuario del sitio web.<\/em><\/p>\n\n\n\n<p><em>El usuario responder\u00e1 de los todos los da\u00f1os y perjuicios de toda naturaleza que&nbsp;la<strong>&nbsp;PARROQUIA DE SAN ELOY&nbsp;<\/strong>o cualquier tercero pueda sufrir como consecuencia del incumplimiento de cualesquiera de las obligaciones a las que queda sometido por virtud de estas condiciones o de la ley en relaci\u00f3n con el acceso y\/o utilizaci\u00f3n de la p\u00e1gina.<\/em><\/p>\n\n\n\n<p><em>Los enlaces e hipertexto que posibiliten, a trav\u00e9s del sitio web, acceder a prestaciones y servicios ofrecidos por terceros, no pertenecen ni se encuentran bajo el control de la&nbsp;<strong>PARROQUIA DE SAN ELOY,&nbsp;<\/strong>por lo que no asume ninguna responsabilidad respecto a la informaci\u00f3n contenida en los mismos ni los efectos que pudieran derivarse de dicha informaci\u00f3n.<\/em><\/p>\n","protected":false},"excerpt":{"rendered":"<p>En cumplimiento de lo establecido en la Ley 34\/2002, de 11 de julio, de Servicios de la Sociedad de la Informaci\u00f3n y del Comercio Electr\u00f3nico, los datos identificativos del titular de la web son: PARROQUIA DE SAN ELOY \u2013 NIF&nbsp;R-7800133-F Plaza del Doctor Barraquer 1 28035 Madrid Inscrita en el registro de entidades religiosas del&hellip;&nbsp;<\/p>\n","protected":false},"author":2,"featured_media":0,"parent":0,"menu_order":0,"comment_status":"closed","ping_status":"closed","template":"","meta":{"neve_meta_sidebar":"","neve_meta_container":"","neve_meta_enable_content_width":"","neve_meta_content_width":0,"neve_meta_title_alignment":"","neve_meta_author_avatar":"","neve_post_elements_order":"","neve_meta_disable_header":"","neve_meta_disable_footer":"","neve_meta_disable_title":"","_themeisle_gutenberg_block_has_review":false,"footnotes":""},"class_list":["post-985","page","type-page","status-publish","hentry"],"_links":{"self":[{"href":"https:\/\/parroquiasaneloy.archimadrid.es\/index.php?rest_route=\/wp\/v2\/pages\/985","targetHints":{"allow":["GET"]}}],"collection":[{"href":"https:\/\/parroquiasaneloy.archimadrid.es\/index.php?rest_route=\/wp\/v2\/pages"}],"about":[{"href":"https:\/\/parroquiasaneloy.archimadrid.es\/index.php?rest_route=\/wp\/v2\/types\/page"}],"author":[{"embeddable":true,"href":"https:\/\/parroquiasaneloy.archimadrid.es\/index.php?rest_route=\/wp\/v2\/users\/2"}],"replies":[{"embeddable":true,"href":"https:\/\/parroquiasaneloy.archimadrid.es\/index.php?rest_route=%2Fwp%2Fv2%2Fcomments&post=985"}],"version-history":[{"count":2,"href":"https:\/\/parroquiasaneloy.archimadrid.es\/index.php?rest_route=\/wp\/v2\/pages\/985\/revisions"}],"predecessor-version":[{"id":990,"href":"https:\/\/parroquiasaneloy.archimadrid.es\/index.php?rest_route=\/wp\/v2\/pages\/985\/revisions\/990"}],"wp:attachment":[{"href":"https:\/\/parroquiasaneloy.archimadrid.es\/index.php?rest_route=%2Fwp%2Fv2%2Fmedia&parent=985"}],"curies":[{"name":"wp","href":"https:\/\/api.w.org\/{rel}","templated":true}]}}